*m**2 - 8*m - 3. Let q(h) = 6*p(h) + 11*v(h). Is q(4) a composite number?
False
Let k(p) = 4785*p**2 + 3*p + 1. Is k(-1) composite?
False
Suppose -8 = -5*v - 28. Let c be (-6 + 3)/(6/v). Is c/(0 - 6/(-1191)) composite?
False
Suppose -4*d = -3*h - 12, 1 = -d + 3*h - 5. Let j be 1*(-372 + -1 + 0). Is d/3*-1 - j a composite number?
True
Let j(i) = i - 2. Let h be j(1). Let k be (-7 + 354)*(0 + h). Let x = k + 538. Is x prime?
True
Is ((-9)/36*4)/((-1)/10123) prime?
False
Let n = -48 + 20. Let r be 57/4 - (-7)/n. Suppose r + 277 = 3*j. Is j composite?
False
Suppose 65*w + 141106 = 79*w. Is w a composite number?
False
Suppose 3*a - 3 = 5*y, 0 = -0*y - 4*y + 2*a - 2. Let u be (-89 - -2) + y + 0. Is (-8)/(-6)*u/(-2) a prime number?
False
Let y = -1 - -1. Suppose -4*x - 3*z - 8 = y, -5 = x - z - 3. Let m = x - -21. Is m composite?
False
Let j(c) = 214*c**3 + 3*c**2 - 4*c + 14. Is j(3) prime?
True
Let n be (-1 - -1)/(15 - 16). Suppose 3*k - 65 = -k - 5*c, n = -k - c + 17. Let i = k + 47. Is i a prime number?
True
Let y(n) = -n**3 + 3*n**2 - 4*n + 1. Let z be y(3). Let m = 15 + z. Is 1/2 + 346/m composite?
True
Suppose -64425 = 75*w - 90*w. Is w composite?
True
Let u = 252 + 40. Let x = u + -177. Suppose l - 2*n = x, 4*n - 3 - 5 = 0. Is l a prime number?
False
Let c(z) = z**2 + 2*z - 7. Let y be c(-4). Let k = y - -2. Is 192 + 2 + 0 - k a composite number?
False
Suppose 15 = 3*b - 0*b. Suppose 0 = -3*h + b - 8. Is (-1)/(1064/(-1060) - h) a composite number?
True
Suppose 3599 = 5*g + f, g = 4*g + 2*f - 2158. Is (1 + 0)*-4 + 3 + g prime?
True
Suppose 8796 = -1628*r + 1640*r. Is r composite?
False
Let w(z) = 5*z**2 - 5*z. Let l(o) = -o**2 + o. Let n(i) = -4*l(i) - w(i). Let c be n(3). Let t(p) = -17*p + 1. Is t(c) a composite number?
False
Is 53325/36 - 5/20 composite?
False
Let x = -81 - -240. Let l be (-3)/(2 + -1) + -1. Let c = x - l. Is c composite?
False
Let w(b) = -381*b - 4. Let n be w(-3). Let x be 554 + (-3*5/(-3) - 3). Let c = n - x. Is c composite?
True
Is ((-25776)/(-120))/((-2)/(-5)) a prime number?
False
Let u(v) = 2*v**3 + 2*v**2 - 2*v + 7. Suppose -2*a - 3*a = -20. Is u(a) a composite number?
True
Suppose 6*x - 10*x - m = -29229, m - 7308 = -x. Is x a prime number?
True
Let q(p) = p - 2. Let w be q(2). Suppose -2*c = c + 4*k - 18, 2*k + 6 = w. Is c/(-5) + 222 + -1 a composite number?
True
Is -6*(-3)/(-12)*185292/(-54) composite?
False
Let s be -3 + -2*(4 - 5). Is s*(-1933 + (-4 - -6)) a prime number?
True
Is 3/(-60)*-5*(-254804)/(-11) composite?
False
Let l(s) = 751*s - 117. Is l(4) a prime number?
True
Suppose 5335 = 3*g - 110. Suppose -5*v = w - 6*w - g, 3*v = -w + 1073. Is v composite?
False
Let t(c) be the first derivative of -33*c**2 - 13*c + 19. Is t(-7) prime?
True
Let r = 170 + -108. Let t = r - 25. Is t composite?
False
Suppose -54580 = -18*h + 14*h. Is h a prime number?
False
Suppose 3*h + 5*y + 19 = 0, 6 = -5*h - 3*y + 1. Suppose -h*v = c - 4*v - 341, -5*v + 1338 = 4*c. Is c prime?
True
Let x = 321 + -201. Let c = x + -9. Is c prime?
False
Suppose 5*j = -2*i + 7, -i = -j + 6 + 1. Suppose -2*y = -j*a + 663, -5*a + 6*y - y = -1110. Let n = -76 + a. Is n a composite number?
True
Is (-1751170)/68*2/(-5) composite?
False
Let v(a) be the second derivative of 3/2*a**3 + 0 + a**2 - 5*a. Is v(1) prime?
True
Suppose k + 3*r - 4126 = 6096, 5*r + 10214 = k. Is k composite?
True
Suppose 0 = -s + 2. Let i(o) = 10*o**s - 2*o**2 + 47*o**2. Is i(-1) a composite number?
True
Let l = 56 + -55. Let g(c) = 918*c**3 + c**2 - 2*c. Is g(l) a prime number?
False
Let j(m) = 5*m**2 - 17*m + 21. Let w be j(16). Suppose -8*r = -611 - w. Is r composite?
True
Suppose 456 = 2*m - 1314. Let s = m + 316. Is s a prime number?
True
Let y = 1660 + -161. Is y a prime number?
True
Is 32394/8 + ((-30)/8)/15 a prime number?
True
Suppose 0 = 4*f - 3*y - 236387, -y + 106083 = 2*f - 12098. Is f prime?
True
Let q(i) = i**3 + 9*i**2 - 21*i + 15. Let y be q(-11). Suppose 5*w + 5*z = 625, -y*z = -2*w - z + 240. Is w a prime number?
False
Suppose -5*o - 1 = -3*s, 5*o - 38 = -s - 11. Suppose -s*x = -2*x - 10. Suppose c + 13 = x*c. Is c prime?
True
Let a be (-96)/(-30) + 3/(-15). Let m be ((-236)/a)/((-4)/12). Let y = -25 + m. Is y a composite number?
False
Suppose 0 = -5*k + 5*q, -3*k + 2*q + 1 = -2. Suppose -3*f = -3*y - 2550, 538 - 3093 = -k*f - 2*y. Is f a prime number?
False
Let q(w) be the first derivative of 9*w**2/2 + 29*w - 15. Is q(6) a composite number?
False
Let w(u) = -8*u + 11*u - u**3 - 6*u**2 + 5*u + 10. Let i be w(-7). Suppose 999 = i*h - 4*d, -d - 1002 = -3*h + 4*d. Is h composite?
True
Suppose -8*o + 11*o = 4671. Let f = -935 + o. Is f composite?
True
Suppose -15 = 3*u, 2*h - 115 + 544 = 3*u. Let a be (h/2)/((-5)/25). Let x = a - 394. Is x composite?
True
Let b(u) be the third derivative of -u**6/120 - u**5/15 + 5*u**3/2 + 6*u**2. Is b(-6) prime?
False
Suppose -1073749 = -16*y + 444219. Is y prime?
True
Let a(j) = -4 + 890*j**2 + 1706*j**2 + 2*j + 1156*j**2 + 533*j**2. Is a(1) prime?
True
Let b(v) be the second derivative of v**5/12 - v**4/24 - 7*v**3/6 + v**2 + 8*v. Let s(p) be the first derivative of b(p). Is s(6) a composite number?
False
Suppose 0 = 5*d - 480 + 25. Is 2/(-4)*0/(-3) + d a prime number?
False
Let c(j) = -770*j + 7. Let m be c(2). Let v = 2582 + m. Is v a composite number?
False
Suppose 0 = 5*q - f - 576, 0 = -3*q - 4*f + 18 + 346. Suppose 2*s + 0*s - 5*g - 177 = 0, -q = -s - 3*g. Suppose -3*c + 52 = -s. Is c a prime number?
False
Let a be 4 + -1 + -4 - -1. Suppose 0 = -3*m + 3 - a. Let p(w) = 113*w**3 + w**2 - 2*w + 1. Is p(m) a composite number?
False
Let m be -6*((-537)/6 - -3). Is (-270)/(-81)*m/2 composite?
True
Suppose -b = 2*y - 1631, 2*b + 3*y - 3262 = y. Is b prime?
False
Let z be (-2)/(-6) - (0 - (-798)/(-9)). Let w = 382 - z. Is w a composite number?
False
Suppose -3 = -3*a - 0, 4*n + 2*a - 278 = 0. Suppose 0 = -n*j + 67*j + 170. Is j composite?
True
Suppose -8*a + 108 = -7*a. Suppose 0*h + 2*h = 0. Suppose h = q + d - 3*d - a, 209 = 2*q + 3*d. Is q composite?
True
Let m be 0 - 1 - (24 + -8 + 5). Is 7789/(m/(-18) + (-14)/63) a prime number?
True
Suppose -3*s + 5*s = 10, 5*p = -5*s + 40. Let b(f) = 17 - 19*f + 2*f**3 + p*f + 14*f**2 - 3*f**3. Is b(12) a composite number?
False
Let h be 0 + (-5)/5 + -2. Is h/5 - 5890/(-25) a prime number?
False
Suppose z = -9 - 6. Let x be (-6)/(-9) + 55/z. Is 370/x*(-45)/30 prime?
False
Is ((-6)/4 + 1)*(39 - 19781) a prime number?
True
Let b be 8/((-3)/(-7298 - -2)). Is 6/(-10) - b/(-10) prime?
False
Let z(h) = -h**3 - 11*h**2 - 13*h - 8. Let y be z(-9). Let m = y + 108. Is m a composite number?
True
Suppose -17*h + 13*h + 18636 = 0. Is h a prime number?
False
Suppose -5 - 10 = 5*d. Let z be -1 - 3*(-159)/d. Let m = -41 - z. Is m composite?
True
Suppose -4*q = -3*v + 6*v - 191, -4*q + 4*v = -156. Let t be q/12 + 1/3. Is 417/6*t/2 a composite number?
False
Let o(s) = 54*s**3 - s**2 - s + 1. Let d be (-2)/(0 - (-1 + 3)). Let v = 0 + d. Is o(v) prime?
True
Let f(b) = -10*b - 10. Let g be f(-3). Let d = g + 15. Is d a prime number?
False
Suppose 88943 = -122*m + 151*m. Is m composite?
False
Let q(l) be the first derivative of -5*l**3/3 - l**2 - 10*l - 3. Let p be q(-7). Let t = 368 + p. Is t prime?
True
Let f be 3317/(-13) + 32/208. Suppose 0 = -9*u + 4*u - 2*q - 658, 269 = -2*u + 5*q. Let o = u - f. Is o a prime number?
False
Let o = -12924 + 19633. Is o a composite number?
False
Suppose 0 = 3*h - 13507 - 41936. Is h a prime number?
True
Let z = 3109 - 1800. Suppose -t = 4*c - 0*t + z, -3 = 3*t. Let r = -122 - c. Is r composite?
True
Let p(w) = 145*w**3 - 7*w**2 + 17*w + 3. Is p(4) composite?
False
Let r be 1/((-3)/(-1881)*3). Suppose -z = -3*z + 200. Let u = r - z. Is u composite?
False
Let b(h) be the first derivative of 7 + 1/4*h**4 - 5/2*h**2 + h + 2*h**3. Is b(-6) composite?
False
Let t(a) be the third derivative of -5/6*a**3 + 5/24*a**4 + 0 + 0*a - 9*a**2 - 2/15*a**5 - 1/120*a**6. Is t(-9) a prime number?
True
Suppose 3*l = -4*v - 5 + 4, 0 = -5*v - 4*l - 2. Suppose a = 3*z - 3648, v*a = 2*z - 0*a - 2428. Is z prime?
True
Suppose -3*g = -2*g - 3, -3*u - 2*g = -603. Let q = u - 36. Is q composite?
False
Let x(l) = 16*l**2 + 27*l + 98. Is x(-15) a prime number?
False
Let o = 153 + -138. Suppose 